{"id":6,"date":"2018-03-13T20:44:31","date_gmt":"2018-03-13T19:44:31","guid":{"rendered":"http:\/\/isabelleklaus.ch\/portfolio\/?page_id=6"},"modified":"2021-06-24T18:53:36","modified_gmt":"2021-06-24T16:53:36","slug":"containers","status":"publish","type":"page","link":"https:\/\/isabelleklaus.ch\/portfolio\/?page_id=6","title":{"rendered":"Containers [2016-2017]"},"content":{"rendered":"\n<figure class=\"wp-block-video\"><video controls src=\"https:\/\/isabelleklaus.ch\/portfolio\/wp-content\/uploads\/Grues-courtes.mp4\"><\/video><\/figure>\n\n\n\n<p><figcaption class=\"legendeIK\">Vid\u00e9o, couleur, muet, boucle 32\u2019\u2019<\/figcaption><\/p>\n\n\n\n<p><i>Containers<\/i> est un travelling \u00e9ternel capt\u00e9 depuis un navire lors d\u2019une croisi\u00e8re dans la mer d\u2019Arabie \u00e0 Khor Fakkan dans le golfe d\u2019Oman en janvier 2016.<br>Cette vid\u00e9o LowTech a \u00e9t\u00e9 film\u00e9e avec un appareil photo num\u00e9rique et le montage, c&rsquo;est \u00e0 dire la mise en boucle s&rsquo;est faite par l&rsquo;utilisation d&rsquo;une transition qui chasse \u00e9ternellement l&rsquo;image pr\u00e9c\u00e9dente.<br>Le ralentissement de l&rsquo;image anim\u00e9e produit une sensation de flottement, comme un glissement du certain vers l\u2019incertain ou la contemplation d&rsquo;une immobilit\u00e9 mouvante.<br><i>Containers<\/i> est une ritournelle qui aborde la th\u00e9matique de la marche \u00e9conomique et sociale du monde.<\/p>\n","protected":false},"excerpt":{"rendered":"<p>Vid\u00e9o, couleur, muet, boucle 32\u2019\u2019 Containers est un travelling \u00e9ternel capt\u00e9 depuis un navire lors d\u2019une croisi\u00e8re dans la mer d\u2019Arabie \u00e0 Khor Fakkan dans le golfe d\u2019Oman en janvier 2016.Cette vid\u00e9o LowTech a \u00e9t\u00e9 film\u00e9e avec un appareil photo num\u00e9rique et le montage, c&rsquo;est \u00e0 dire la mise en boucle s&rsquo;est faite par l&rsquo;utilisation [&hellip;]<\/p>\n","protected":false},"author":1,"featured_media":0,"parent":0,"menu_order":0,"comment_status":"closed","ping_status":"closed","template":"","meta":{"footnotes":""},"_links":{"self":[{"href":"https:\/\/isabelleklaus.ch\/portfolio\/index.php?rest_route=\/wp\/v2\/pages\/6"}],"collection":[{"href":"https:\/\/isabelleklaus.ch\/portfolio\/index.php?rest_route=\/wp\/v2\/pages"}],"about":[{"href":"https:\/\/isabelleklaus.ch\/portfolio\/index.php?rest_route=\/wp\/v2\/types\/page"}],"author":[{"embeddable":true,"href":"https:\/\/isabelleklaus.ch\/portfolio\/index.php?rest_route=\/wp\/v2\/users\/1"}],"replies":[{"embeddable":true,"href":"https:\/\/isabelleklaus.ch\/portfolio\/index.php?rest_route=%2Fwp%2Fv2%2Fcomments&post=6"}],"version-history":[{"count":45,"href":"https:\/\/isabelleklaus.ch\/portfolio\/index.php?rest_route=\/wp\/v2\/pages\/6\/revisions"}],"predecessor-version":[{"id":852,"href":"https:\/\/isabelleklaus.ch\/portfolio\/index.php?rest_route=\/wp\/v2\/pages\/6\/revisions\/852"}],"wp:attachment":[{"href":"https:\/\/isabelleklaus.ch\/portfolio\/index.php?rest_route=%2Fwp%2Fv2%2Fmedia&parent=6"}],"curies":[{"name":"wp","href":"https:\/\/api.w.org\/{rel}","templated":true}]}}