{"id":597,"date":"2019-03-22T15:22:05","date_gmt":"2019-03-22T14:22:05","guid":{"rendered":"http:\/\/isabelleklaus.ch\/portfolio\/?page_id=597"},"modified":"2021-06-24T18:43:03","modified_gmt":"2021-06-24T16:43:03","slug":"remember-v2-2019","status":"publish","type":"page","link":"https:\/\/isabelleklaus.ch\/portfolio\/","title":{"rendered":".remember#2 [2015-2019]"},"content":{"rendered":"<div id=\"attachment_601\" style=\"width: 2510px\" class=\"wp-caption alignnone\"><img loading=\"lazy\" decoding=\"async\" aria-describedby=\"caption-attachment-601\" class=\"wp-image-601 size-full\" src=\"https:\/\/isabelleklaus.ch\/portfolio\/wp-content\/uploads\/HN-Klaus-20190315-11.jpg\" alt=\"\" width=\"2500\" height=\"1667\" srcset=\"https:\/\/isabelleklaus.ch\/portfolio\/wp-content\/uploads\/HN-Klaus-20190315-11.jpg 2500w, https:\/\/isabelleklaus.ch\/portfolio\/wp-content\/uploads\/HN-Klaus-20190315-11-300x200.jpg 300w, https:\/\/isabelleklaus.ch\/portfolio\/wp-content\/uploads\/HN-Klaus-20190315-11-768x512.jpg 768w, https:\/\/isabelleklaus.ch\/portfolio\/wp-content\/uploads\/HN-Klaus-20190315-11-1024x683.jpg 1024w, https:\/\/isabelleklaus.ch\/portfolio\/wp-content\/uploads\/HN-Klaus-20190315-11-600x400.jpg 600w, https:\/\/isabelleklaus.ch\/portfolio\/wp-content\/uploads\/HN-Klaus-20190315-11-1200x800.jpg 1200w\" sizes=\"(max-width: 2500px) 100vw, 2500px\" \/><p id=\"caption-attachment-601\" class=\"wp-caption-text\">Installation vid\u00e9o. T\u00e9l\u00e9viseurs \u00e0 tubes cathodiques, media players. Montage: O.Hong-Soak, son: Philippe Ehinger. | Photo: Thomas Maisonnasse<\/p><\/div>\n<p><em>.remember#2<\/em> est une installation constitu\u00e9e de 10 vid\u00e9os diffus\u00e9es en boucle. Capt\u00e9s sur le vif au Caire entre 2010 et 2013, ces fragments de r\u00e9alit\u00e9 ont \u00e9t\u00e9 film\u00e9s avec un appareil photo num\u00e9rique puis mont\u00e9s en s\u00e9quences de 1\u2019 et 3\u2019.<br>\nDiffus\u00e9es simultan\u00e9ment, elles s\u2019offrent aux spectateurs tels des brides de r\u00e9cits \u00e0 dimension contemplative qui se d\u00e9calent dans le temps dans un processus organique.<\/p>\n<p><small>1. La lev\u00e9e de rideau<br>\n2. Les filles dans le m\u00e9tro<br>\n3. L\u2019attente chez le couturier<br>\n4. La coupure d\u2019\u00e9lectricit\u00e9<br>\n5. L\u2019 eau<br>\n6. La diffusion t\u00e9l\u00e9vis\u00e9e sous le pont<br>\n7. Le voyage en car<br>\n8. Les antennes paraboliques au sommet des immeubles<br>\n9. L\u2019ascenseur<br>\n10. Le Caire vu d\u2019avion<\/small><\/p>\n\n\n<figure class=\"wp-block-gallery columns-5 is-cropped wp-block-gallery-1 is-layout-flex wp-block-gallery-is-layout-flex\"><ul class=\"blocks-gallery-grid\"><li class=\"blocks-gallery-item\"><figure><img loading=\"lazy\" decoding=\"async\" width=\"768\" height=\"576\" src=\"https:\/\/isabelleklaus.ch\/portfolio\/wp-content\/uploads\/metroDVD1.png\" alt=\"\" data-id=\"469\" data-full-url=\"https:\/\/isabelleklaus.ch\/portfolio\/wp-content\/uploads\/metroDVD1.png\" data-link=\"https:\/\/isabelleklaus.ch\/portfolio\/?attachment_id=469\" class=\"wp-image-469\" srcset=\"https:\/\/isabelleklaus.ch\/portfolio\/wp-content\/uploads\/metroDVD1.png 768w, https:\/\/isabelleklaus.ch\/portfolio\/wp-content\/uploads\/metroDVD1-300x225.png 300w\" sizes=\"(max-width: 768px) 100vw, 768px\" \/><\/figure><\/li><li class=\"blocks-gallery-item\"><figure><img loading=\"lazy\" decoding=\"async\" width=\"640\" height=\"480\" src=\"https:\/\/isabelleklaus.ch\/portfolio\/wp-content\/uploads\/terre-vue-davionDVD1.png\" alt=\"\" data-id=\"470\" data-full-url=\"https:\/\/isabelleklaus.ch\/portfolio\/wp-content\/uploads\/terre-vue-davionDVD1.png\" data-link=\"https:\/\/isabelleklaus.ch\/portfolio\/?attachment_id=470\" class=\"wp-image-470\" srcset=\"https:\/\/isabelleklaus.ch\/portfolio\/wp-content\/uploads\/terre-vue-davionDVD1.png 640w, https:\/\/isabelleklaus.ch\/portfolio\/wp-content\/uploads\/terre-vue-davionDVD1-300x225.png 300w\" sizes=\"(max-width: 640px) 100vw, 640px\" \/><\/figure><\/li><li class=\"blocks-gallery-item\"><figure><img loading=\"lazy\" decoding=\"async\" width=\"640\" height=\"480\" src=\"https:\/\/isabelleklaus.ch\/portfolio\/wp-content\/uploads\/tv-sous-pontDVD1.png\" alt=\"\" data-id=\"471\" data-full-url=\"https:\/\/isabelleklaus.ch\/portfolio\/wp-content\/uploads\/tv-sous-pontDVD1.png\" data-link=\"https:\/\/isabelleklaus.ch\/portfolio\/?attachment_id=471\" class=\"wp-image-471\" srcset=\"https:\/\/isabelleklaus.ch\/portfolio\/wp-content\/uploads\/tv-sous-pontDVD1.png 640w, https:\/\/isabelleklaus.ch\/portfolio\/wp-content\/uploads\/tv-sous-pontDVD1-300x225.png 300w\" sizes=\"(max-width: 640px) 100vw, 640px\" \/><\/figure><\/li><li class=\"blocks-gallery-item\"><figure><img loading=\"lazy\" decoding=\"async\" width=\"768\" height=\"576\" src=\"https:\/\/isabelleklaus.ch\/portfolio\/wp-content\/uploads\/metroDVD2.png\" alt=\"\" data-id=\"478\" data-full-url=\"https:\/\/isabelleklaus.ch\/portfolio\/wp-content\/uploads\/metroDVD2.png\" data-link=\"https:\/\/isabelleklaus.ch\/portfolio\/?attachment_id=478\" class=\"wp-image-478\" srcset=\"https:\/\/isabelleklaus.ch\/portfolio\/wp-content\/uploads\/metroDVD2.png 768w, https:\/\/isabelleklaus.ch\/portfolio\/wp-content\/uploads\/metroDVD2-300x225.png 300w\" sizes=\"(max-width: 768px) 100vw, 768px\" \/><\/figure><\/li><li class=\"blocks-gallery-item\"><figure><img loading=\"lazy\" decoding=\"async\" width=\"640\" height=\"480\" src=\"https:\/\/isabelleklaus.ch\/portfolio\/wp-content\/uploads\/couturier-DVD1.png\" alt=\"\" data-id=\"466\" data-full-url=\"https:\/\/isabelleklaus.ch\/portfolio\/wp-content\/uploads\/couturier-DVD1.png\" data-link=\"https:\/\/isabelleklaus.ch\/portfolio\/?attachment_id=466\" class=\"wp-image-466\" srcset=\"https:\/\/isabelleklaus.ch\/portfolio\/wp-content\/uploads\/couturier-DVD1.png 640w, https:\/\/isabelleklaus.ch\/portfolio\/wp-content\/uploads\/couturier-DVD1-300x225.png 300w\" sizes=\"(max-width: 640px) 100vw, 640px\" \/><\/figure><\/li><\/ul><\/figure>\n\n\n\n<p><\/p>\n","protected":false},"excerpt":{"rendered":"<p>.remember#2 est une installation constitu\u00e9e de 10 vid\u00e9os diffus\u00e9es en boucle. Capt\u00e9s sur le vif au Caire entre 2010 et 2013, ces fragments de r\u00e9alit\u00e9 ont \u00e9t\u00e9 film\u00e9s avec un appareil photo num\u00e9rique puis mont\u00e9s en s\u00e9quences de 1\u2019 et 3\u2019. Diffus\u00e9es simultan\u00e9ment, elles s\u2019offrent aux spectateurs tels des brides de r\u00e9cits \u00e0 dimension contemplative [&hellip;]<\/p>\n","protected":false},"author":1,"featured_media":0,"parent":0,"menu_order":0,"comment_status":"closed","ping_status":"closed","template":"","meta":{"footnotes":""},"_links":{"self":[{"href":"https:\/\/isabelleklaus.ch\/portfolio\/index.php?rest_route=\/wp\/v2\/pages\/597"}],"collection":[{"href":"https:\/\/isabelleklaus.ch\/portfolio\/index.php?rest_route=\/wp\/v2\/pages"}],"about":[{"href":"https:\/\/isabelleklaus.ch\/portfolio\/index.php?rest_route=\/wp\/v2\/types\/page"}],"author":[{"embeddable":true,"href":"https:\/\/isabelleklaus.ch\/portfolio\/index.php?rest_route=\/wp\/v2\/users\/1"}],"replies":[{"embeddable":true,"href":"https:\/\/isabelleklaus.ch\/portfolio\/index.php?rest_route=%2Fwp%2Fv2%2Fcomments&post=597"}],"version-history":[{"count":16,"href":"https:\/\/isabelleklaus.ch\/portfolio\/index.php?rest_route=\/wp\/v2\/pages\/597\/revisions"}],"predecessor-version":[{"id":839,"href":"https:\/\/isabelleklaus.ch\/portfolio\/index.php?rest_route=\/wp\/v2\/pages\/597\/revisions\/839"}],"wp:attachment":[{"href":"https:\/\/isabelleklaus.ch\/portfolio\/index.php?rest_route=%2Fwp%2Fv2%2Fmedia&parent=597"}],"curies":[{"name":"wp","href":"https:\/\/api.w.org\/{rel}","templated":true}]}}