{"id":429,"date":"2018-03-31T17:40:06","date_gmt":"2018-03-31T15:40:06","guid":{"rendered":"http:\/\/isabelleklaus.ch\/portfolio\/?page_id=429"},"modified":"2021-09-09T15:10:43","modified_gmt":"2021-09-09T13:10:43","slug":"kan-maktab","status":"publish","type":"page","link":"https:\/\/isabelleklaus.ch\/portfolio\/?page_id=429","title":{"rendered":"\u0643\u0627\u0646 \u0645\u0643\u062a\u0628, bureau de d\u00e9tective priv\u00e9 [2011]"},"content":{"rendered":"<div id=\"attachment_434\" style=\"width: 740px\" class=\"wp-caption alignnone\"><img loading=\"lazy\" decoding=\"async\" aria-describedby=\"caption-attachment-434\" class=\"wp-image-434 size-large\" title=\"Kan maktab\" src=\"https:\/\/isabelleklaus.ch\/portfolio\/wp-content\/uploads\/DSC8627-1024x681.jpg\" alt=\"Kan maktab\" width=\"730\" height=\"485\" srcset=\"https:\/\/isabelleklaus.ch\/portfolio\/wp-content\/uploads\/DSC8627-1024x681.jpg 1024w, https:\/\/isabelleklaus.ch\/portfolio\/wp-content\/uploads\/DSC8627-300x200.jpg 300w, https:\/\/isabelleklaus.ch\/portfolio\/wp-content\/uploads\/DSC8627-768x511.jpg 768w, https:\/\/isabelleklaus.ch\/portfolio\/wp-content\/uploads\/DSC8627-600x400.jpg 600w, https:\/\/isabelleklaus.ch\/portfolio\/wp-content\/uploads\/DSC8627-1200x798.jpg 1200w\" sizes=\"(max-width: 730px) 100vw, 730px\" \/><p id=\"caption-attachment-434\" class=\"wp-caption-text\">Installation\/performance, enseigne lumineuse, bureau en m\u00e9tal, fauteuil en simili cuir, dispersion Aqua Dew, 2 n\u00e9ons blancs, chaise en bois, ventilateur, corbeille \u00e0 papier en plastique, d\u00e9tective priv\u00e9, sac en plastique, torchy, photographie des pyramides de Guizeh, calendrier mural, plan du Caire, dessin encadr\u00e9, papier calque, loupe, cendrier, paquet de cigarettes, briquet, stylo bic, cahier administratif, tampon, cartes de visite, t\u00e9l\u00e9phone mobile, agrafeuse, rapports, acte de divorce censur\u00e9, procuration, 7500 feuilles A4 vierges et photographie du Minist\u00e8re des Affaires ext\u00e9rieures, 2011<\/p><\/div>\n<p><em>Kan maktab<\/em>\u2009 est un travail qui explore les limites entre la r\u00e9alit\u00e9, l\u2019autobiographie et la fiction. L\u2019ensemble de l\u2019installation contient des pi\u00e8ces t\u00e9moignant de la r\u00e9alit\u00e9 des faits ainsi que des objets fictionnels.<br>L\u2019installation est compos\u00e9e de diverses pi\u00e8ces autonomes et diff\u00e9rents mediums tel le dessin, la photographie, le collage, le ready-made et devient performative par la pr\u00e9sence du d\u00e9tective et par l\u2019enqu\u00eate men\u00e9e dans la r\u00e9alit\u00e9.<\/p>\n<p><a href=\"http:\/\/www.isabelleklaus.ch\/kanmaktab\" target=\"_blank\" rel=\"noopener\">Blog<\/a><\/p>\n\n\n<div class=\"wp-block-columns are-vertically-aligned-bottom is-layout-flex wp-container-core-columns-layout-1 wp-block-columns-is-layout-flex\">\n<div class=\"wp-block-column is-vertically-aligned-bottom is-layout-flow wp-block-column-is-layout-flow\" style=\"flex-basis:100%\">\n<div class=\"wp-block-group\"><div class=\"wp-block-group__inner-container is-layout-flow wp-block-group-is-layout-flow\"><a href=\"https:\/\/isabelleklaus.ch\/portfolio\/wp-content\/uploads\/Censure2011.pdf\" class=\"pdfemb-viewer\" style=\"\" data-width=\"max\" data-height=\"max\" data-toolbar=\"bottom\" data-toolbar-fixed=\"off\">Censure2011<\/a>\n<p class=\"wp-block-pdfemb-pdf-embedder-viewer\"><\/p>\n<\/div><\/div>\n<\/div>\n<\/div>\n\n\n\n<div class=\"wp-block-group\"><div class=\"wp-block-group__inner-container is-layout-flow wp-block-group-is-layout-flow\">\n<p><em>Censure<\/em>, \u00e9dition 25 ex., 12 pages A4<\/p>\n<\/div><\/div>\n\n\n\n<p><\/p>\n","protected":false},"excerpt":{"rendered":"<p>Kan maktab\u2009 est un travail qui explore les limites entre la r\u00e9alit\u00e9, l\u2019autobiographie et la fiction. L\u2019ensemble de l\u2019installation contient des pi\u00e8ces t\u00e9moignant de la r\u00e9alit\u00e9 des faits ainsi que des objets fictionnels.L\u2019installation est compos\u00e9e de diverses pi\u00e8ces autonomes et diff\u00e9rents mediums tel le dessin, la photographie, le collage, le ready-made et devient performative par [&hellip;]<\/p>\n","protected":false},"author":1,"featured_media":0,"parent":0,"menu_order":0,"comment_status":"closed","ping_status":"closed","template":"","meta":{"footnotes":""},"_links":{"self":[{"href":"https:\/\/isabelleklaus.ch\/portfolio\/index.php?rest_route=\/wp\/v2\/pages\/429"}],"collection":[{"href":"https:\/\/isabelleklaus.ch\/portfolio\/index.php?rest_route=\/wp\/v2\/pages"}],"about":[{"href":"https:\/\/isabelleklaus.ch\/portfolio\/index.php?rest_route=\/wp\/v2\/types\/page"}],"author":[{"embeddable":true,"href":"https:\/\/isabelleklaus.ch\/portfolio\/index.php?rest_route=\/wp\/v2\/users\/1"}],"replies":[{"embeddable":true,"href":"https:\/\/isabelleklaus.ch\/portfolio\/index.php?rest_route=%2Fwp%2Fv2%2Fcomments&post=429"}],"version-history":[{"count":27,"href":"https:\/\/isabelleklaus.ch\/portfolio\/index.php?rest_route=\/wp\/v2\/pages\/429\/revisions"}],"predecessor-version":[{"id":901,"href":"https:\/\/isabelleklaus.ch\/portfolio\/index.php?rest_route=\/wp\/v2\/pages\/429\/revisions\/901"}],"wp:attachment":[{"href":"https:\/\/isabelleklaus.ch\/portfolio\/index.php?rest_route=%2Fwp%2Fv2%2Fmedia&parent=429"}],"curies":[{"name":"wp","href":"https:\/\/api.w.org\/{rel}","templated":true}]}}