{"id":382,"date":"2018-03-31T15:31:49","date_gmt":"2018-03-31T13:31:49","guid":{"rendered":"http:\/\/isabelleklaus.ch\/portfolio\/?page_id=382"},"modified":"2019-03-22T15:20:28","modified_gmt":"2019-03-22T14:20:28","slug":"sac-a-main-2017","status":"publish","type":"page","link":"https:\/\/isabelleklaus.ch\/portfolio\/?page_id=382","title":{"rendered":"Sac \u00e0 main [2017]"},"content":{"rendered":"<div id=\"attachment_383\" style=\"width: 480px\" class=\"wp-caption alignnone\"><img loading=\"lazy\" decoding=\"async\" aria-describedby=\"caption-attachment-383\" class=\"wp-image-383\" title=\"Sac \u00e0 main\" src=\"https:\/\/isabelleklaus.ch\/portfolio\/wp-content\/uploads\/sac-a-main-1024x829.jpg\" alt=\"Sac \u00e0 main\" width=\"470\" height=\"381\" srcset=\"https:\/\/isabelleklaus.ch\/portfolio\/wp-content\/uploads\/sac-a-main-1024x829.jpg 1024w, https:\/\/isabelleklaus.ch\/portfolio\/wp-content\/uploads\/sac-a-main-300x243.jpg 300w, https:\/\/isabelleklaus.ch\/portfolio\/wp-content\/uploads\/sac-a-main-768x622.jpg 768w, https:\/\/isabelleklaus.ch\/portfolio\/wp-content\/uploads\/sac-a-main-1200x972.jpg 1200w\" sizes=\"(max-width: 470px) 100vw, 470px\" \/><p id=\"caption-attachment-383\" class=\"wp-caption-text\">Ready-made, cuir, plaquette m\u00e9tal Georges Sara &#8211; Made in Egypt, 41 x 25 (36 avec anse) x 13,5 cm, sign\u00e9, 2017<\/p><\/div>\n<p>Le sac \u00e0 main, accessoire iconique de la mode est ici transform\u00e9 en ready-made.<br \/>\nSon aspect sophistiqu\u00e9 de par sa forme son motif imitant une peau de reptile produit une illusion de richesse mat\u00e9rielle. Ici, l\u2019\u00e9vocation de l\u2019apparence superficielle voudrait faire \u00e9cho \u00e0 la Vanit\u00e9.<\/p>\n<p><small>&laquo;Qu\u2019est-ce un auteur\u2009? Dans quelle mesure un individu peut il se dire responsable ultime de son geste, d\u2019un discours, d\u2019une oeuvre?&raquo; Marco Pasi<\/small><\/p>\n","protected":false},"excerpt":{"rendered":"<p>Le sac \u00e0 main, accessoire iconique de la mode est ici transform\u00e9 en ready-made. Son aspect sophistiqu\u00e9 de par sa forme son motif imitant une peau de reptile produit une illusion de richesse mat\u00e9rielle. Ici, l\u2019\u00e9vocation de l\u2019apparence superficielle voudrait faire \u00e9cho \u00e0 la Vanit\u00e9. &laquo;Qu\u2019est-ce un auteur\u2009? Dans quelle mesure un individu peut il [&hellip;]<\/p>\n","protected":false},"author":1,"featured_media":0,"parent":0,"menu_order":0,"comment_status":"closed","ping_status":"closed","template":"","meta":{"footnotes":""},"_links":{"self":[{"href":"https:\/\/isabelleklaus.ch\/portfolio\/index.php?rest_route=\/wp\/v2\/pages\/382"}],"collection":[{"href":"https:\/\/isabelleklaus.ch\/portfolio\/index.php?rest_route=\/wp\/v2\/pages"}],"about":[{"href":"https:\/\/isabelleklaus.ch\/portfolio\/index.php?rest_route=\/wp\/v2\/types\/page"}],"author":[{"embeddable":true,"href":"https:\/\/isabelleklaus.ch\/portfolio\/index.php?rest_route=\/wp\/v2\/users\/1"}],"replies":[{"embeddable":true,"href":"https:\/\/isabelleklaus.ch\/portfolio\/index.php?rest_route=%2Fwp%2Fv2%2Fcomments&post=382"}],"version-history":[{"count":12,"href":"https:\/\/isabelleklaus.ch\/portfolio\/index.php?rest_route=\/wp\/v2\/pages\/382\/revisions"}],"predecessor-version":[{"id":590,"href":"https:\/\/isabelleklaus.ch\/portfolio\/index.php?rest_route=\/wp\/v2\/pages\/382\/revisions\/590"}],"wp:attachment":[{"href":"https:\/\/isabelleklaus.ch\/portfolio\/index.php?rest_route=%2Fwp%2Fv2%2Fmedia&parent=382"}],"curies":[{"name":"wp","href":"https:\/\/api.w.org\/{rel}","templated":true}]}}