{"id":347,"date":"2018-03-28T17:24:12","date_gmt":"2018-03-28T15:24:12","guid":{"rendered":"http:\/\/isabelleklaus.ch\/portfolio\/?page_id=347"},"modified":"2021-06-23T20:05:39","modified_gmt":"2021-06-23T18:05:39","slug":"remember-2015","status":"publish","type":"page","link":"https:\/\/isabelleklaus.ch\/portfolio\/?page_id=347","title":{"rendered":".remember [2015]"},"content":{"rendered":"<div id=\"attachment_355\" style=\"width: 470px\" class=\"wp-caption alignnone\"><img loading=\"lazy\" decoding=\"async\" aria-describedby=\"caption-attachment-355\" class=\"wp-image-355\" title=\".remember\" src=\"https:\/\/isabelleklaus.ch\/portfolio\/wp-content\/uploads\/IMG_4602_WEB-2-708x1024.jpg\" alt=\".remember\" width=\"460\" height=\"665\" srcset=\"https:\/\/isabelleklaus.ch\/portfolio\/wp-content\/uploads\/IMG_4602_WEB-2-708x1024.jpg 708w, https:\/\/isabelleklaus.ch\/portfolio\/wp-content\/uploads\/IMG_4602_WEB-2-208x300.jpg 208w, https:\/\/isabelleklaus.ch\/portfolio\/wp-content\/uploads\/IMG_4602_WEB-2-768x1110.jpg 768w, https:\/\/isabelleklaus.ch\/portfolio\/wp-content\/uploads\/IMG_4602_WEB-2-1200x1735.jpg 1200w\" sizes=\"(max-width: 460px) 100vw, 460px\" \/><p id=\"caption-attachment-355\" class=\"wp-caption-text\">Installation vid\u00e9o, t\u00e9l\u00e9viseurs \u00e0 tubes cathodiques, lecteurs DVD, dimension variable. Photo: Dylan Perrenoud<\/p><\/div>\n<p><em>.remember<\/em> est une installation vid\u00e9o constitu\u00e9e de 7 boucles vid\u00e9o.<br \/>\nChaque sc\u00e8ne est diffus\u00e9e en boucle par un t\u00e9l\u00e9viseur \u00e0 tube cathodique. L\u2019installation est compos\u00e9e de diff\u00e9rentes s\u00e9quences capt\u00e9es sur le vif au Caire entre 2010 et 2013, puis mont\u00e9es en boucles et assembl\u00e9es sous forme d\u2019installation vid\u00e9o lowTech. Les fragments de r\u00e9alit\u00e9 rencontr\u00e9s par hasard ont \u00e9t\u00e9 film\u00e9s avec un appareil photo num\u00e9rique.<br \/>\nLe montages des plans, capt\u00e9es \u00e0 intervalles r\u00e9guliers, aboutissent \u00e0 des s\u00e9quences comprises entre 47\u2019\u2019 et 3\u201936\u2019\u2019. Ces s\u00e9quences mises en boucles, de dur\u00e9es diff\u00e9rentes et diffus\u00e9es simultan\u00e9ment, se d\u00e9calent dans le temps et donnent \u00e0 voir et \u00e0 entendre un assemblage dans un processus organique.<\/p>\n<p>&nbsp;<\/p>\n<p><!--[carousel_slide id='474']--><\/p>\n","protected":false},"excerpt":{"rendered":"<p>.remember est une installation vid\u00e9o constitu\u00e9e de 7 boucles vid\u00e9o. Chaque sc\u00e8ne est diffus\u00e9e en boucle par un t\u00e9l\u00e9viseur \u00e0 tube cathodique. L\u2019installation est compos\u00e9e de diff\u00e9rentes s\u00e9quences capt\u00e9es sur le vif au Caire entre 2010 et 2013, puis mont\u00e9es en boucles et assembl\u00e9es sous forme d\u2019installation vid\u00e9o lowTech. Les fragments de r\u00e9alit\u00e9 rencontr\u00e9s par [&hellip;]<\/p>\n","protected":false},"author":1,"featured_media":0,"parent":0,"menu_order":0,"comment_status":"closed","ping_status":"closed","template":"","meta":{"footnotes":""},"_links":{"self":[{"href":"https:\/\/isabelleklaus.ch\/portfolio\/index.php?rest_route=\/wp\/v2\/pages\/347"}],"collection":[{"href":"https:\/\/isabelleklaus.ch\/portfolio\/index.php?rest_route=\/wp\/v2\/pages"}],"about":[{"href":"https:\/\/isabelleklaus.ch\/portfolio\/index.php?rest_route=\/wp\/v2\/types\/page"}],"author":[{"embeddable":true,"href":"https:\/\/isabelleklaus.ch\/portfolio\/index.php?rest_route=\/wp\/v2\/users\/1"}],"replies":[{"embeddable":true,"href":"https:\/\/isabelleklaus.ch\/portfolio\/index.php?rest_route=%2Fwp%2Fv2%2Fcomments&post=347"}],"version-history":[{"count":17,"href":"https:\/\/isabelleklaus.ch\/portfolio\/index.php?rest_route=\/wp\/v2\/pages\/347\/revisions"}],"predecessor-version":[{"id":737,"href":"https:\/\/isabelleklaus.ch\/portfolio\/index.php?rest_route=\/wp\/v2\/pages\/347\/revisions\/737"}],"wp:attachment":[{"href":"https:\/\/isabelleklaus.ch\/portfolio\/index.php?rest_route=%2Fwp%2Fv2%2Fmedia&parent=347"}],"curies":[{"name":"wp","href":"https:\/\/api.w.org\/{rel}","templated":true}]}}